 4*f = 3*f + b. What is the remainder when f is divided by 13?
10
Suppose -32*x + 19*x + 2171 = 0. What is the remainder when x is divided by 24?
23
Let w = 273 + -256. What is the remainder when w is divided by 10?
7
Suppose 4*q - 7 = 3*h, 0 = 4*q + h - 0*h - 3. Let d(m) = 28*m + 24*m - 28*m. What is the remainder when 70 is divided by d(q)?
22
Suppose -2 = 3*n + 5*u - 30, 3*n = 3*u + 36. Suppose -5*z = -3*v - v - 105, 0 = -5*z - 4*v + 105. What is the remainder when z is divided by n?
10
Let q be 7 + -5 + -328 - -3. Let k = 485 + q. What is the remainder when k is divided by 41?
39
What is the remainder when (-987)/28*(-7)/((-35)/(-20)) is divided by 74?
67
Let z(l) = 3*l - 58. Let b(n) = 2*n - 58. Let f(c) = -4*b(c) + 3*z(c). Calculate the remainder when f(-18) is divided by 6.
4
Let p = 53 + -50. Suppose 0 = 2*r + p*i - 28, r + 0*i = 4*i + 3. Calculate the remainder when 3/(-3)*(-32 - -1) is divided by r.
9
Let i = 66 + -47. Suppose -i*c + 16*c + 39 = 0. Let p(v) = v**3 - v + 1. Calculate the remainder when p(3) is divided by c.
12
Let y = -173 - -239. What is the remainder when y is divided by 25?
16
Let o(w) = -2*w**2 - 12*w + 2. Let y be o(-6). Suppose g = -0*g, -y*k + 5*g = -4. What is the remainder when k/10 + 1072/40 is divided by 10?
7
Suppose 0 = -77*i + 153 + 14092. Calculate the remainder when i is divided by 81.
23
Let r = -37 - -41. Let b(q) = -q**3 + 3*q**2 + 4*q + 6. Calculate the remainder when b(r) is divided by 3.
0
Suppose 2*p + y - 483 = -p, p - 4*y = 174. What is the remainder when p is divided by 2/(-1) + 5 - -30?
30
Suppose 0 = -j - 2 + 11. Calculate the remainder when (-36)/(-1 + 0) - (-6 + j) is divided by 9.
6
Let i(t) = 2*t**2 + 3*t - 234. Calculate the remainder when 23 is divided by i(-12).
5
Let j(k) = 7 + 0*k**2 - 9*k + k**3 - 3*k**2 + 1. Calculate the remainder when 22 is divided by j(5).
9
Let a = -47 + 50. What is the remainder when 80 + 6/3 + a is divided by 22?
19
Let z(y) = y**3 - 6*y**2 + 17*y + 19. Calculate the remainder when z(8) is divided by 41.
37
Let q = -311 - -310. Suppose -16 + 39 = c. Let y = c + q. Calculate the remainder when 43 is divided by y.
21
Suppose 47*o = 44*o + 2*v + 137, -4*o + 198 = 5*v. What is the remainder when o is divided by 2?
1
Suppose -w + 3*q = -21, 29 + 13 = 2*w - 2*q. Let l(s) = -13*s**3 - s**2 + 1. Calculate the remainder when w is divided by l(-1).
8
Let r be (-9)/((-5)/20*6). Calculate the remainder when 34 is divided by 3 + r*(-3 + 4).
7
Let y = 77 + -58. Suppose -44 = -5*a - y. Calculate the remainder when 5 is divided by a.
0
Calculate the remainder when 4680/135 + (12/9)/(-2) is divided by 21.
13
Let c = 0 - 1. What is the remainder when -3 + 26*(-1)/(-2) is divided by 1 - (0 + -2 + c)?
2
Let i(y) = -y**2 - 6*y + 17. Suppose -3*a + 9 = 4*x, -9 = 2*a - 5*a - 3*x. What is the remainder when a + -1 + (45 - -1) is divided by i(-6)?
14
Suppose g - 5*x + 19 = 0, 24 = 8*g - 11*g + 4*x. What is the remainder when 944/(-12)*6/g is divided by 12?
10
Let l = 626 + -577. What is the remainder when 144 is divided by l?
46
Let g = -209 - -371. Suppose 0 = -2*z - z + g. Suppose -57 = 6*u - 9*u. Calculate the remainder when z is divided by u.
16
Let z = -32 + 37. Let b = z - 3. Suppose 35 - 9 = 2*t + 4*c, 5*c - 31 = -b*t. What is the remainder when 6 is divided by t?
0
Let y = -1392 + 1596. Calculate the remainder when y is divided by 46.
20
Let k = 47 - 42. Suppose 0 = 148*h - 149*h + k. Suppose -2*y + 6 = -0*y. Calculate the remainder when h is divided by y.
2
Let l(x) = 2 - 2 + 1 - 11*x. Let b be l(-1). Suppose -3*t = -66 - b. Calculate the remainder when 51 is divided by t.
25
Let k = 14 + -16. What is the remainder when 22 is divided by ((-1)/k)/((-9)/(-90))?
2
Suppose 4*m - 3*j = 44, 3*m - j - 15 = 18. Let n be 66/(-8) + (-4)/(-16). Let w = 14 + n. Calculate the remainder when m is divided by w.
5
Let g = 64 - -82. Suppose -3*o = j - g, -2*j + 4*j = -8. What is the remainder when o is divided by (68/16)/(2/8)?
16
Suppose 3 = 3*v, 65 + 110 = 2*c - 3*v. What is the remainder when c is divided by 9?
8
Let n(x) = 3*x**2 + 65*x - 9. Calculate the remainder when n(-22) is divided by 8.
5
Let z = 21 - 13. Suppose 0 = -5*l - z - 127. Let a = -13 - l. Calculate the remainder when 39 is divided by a.
11
Suppose 4*q - 19 = 5*c, q - 2 = -c - 4. Suppose 3*i = -4*s + 2*i + 81, 5*i - 63 = -2*s. What is the remainder when -1*c/1 - -52 is divided by s?
17
Let f(d) = 7*d**3 + 3*d - 2. Let p be f(1). Suppose 2*s + 18 = p*s. Suppose 0*m + s*m = 147. What is the remainder when m is divided by 13?
10
Let w(q) = q**3 + 4*q**2 - 3*q - 4. Let z be w(-4). Let p = z + -3. Suppose 0 = -3*f + 47 - p. What is the remainder when 40 is divided by f?
12
Let t(w) = 8*w - 32. Let r(k) = -1. Let a(n) = -10*r(n) + t(n). What is the remainder when 98 is divided by a(7)?
30
Suppose -175 = -5*a - 20. Let p(j) = j**2 - 25*j + 160. What is the remainder when a is divided by p(9)?
15
Let w(i) = 24*i + 1. Let r(a) = -a**3 - 2*a**2 - a + 1. Let n be r(-2). Suppose 38 = 3*m - 19. What is the remainder when w(n) is divided by m?
16
Suppose 4*c = 4*j - 2*j - 220, -4*j = -2*c - 434. Let o = j - 75. What is the remainder when o is divided by 7?
5
Suppose -4*u + 36 = 4*c, 5*u + 2*c - 6*c = 0. Calculate the remainder when (6/u)/(3 + 567/(-192)) is divided by 20.
12
Let h = 158 + -134. Calculate the remainder when h is divided by (3 - 1)*(-65)/(-10).
11
Suppose -18 = -4*v + 2. Suppose -v*h + 48 = 3*h. What is the remainder when 28 is divided by h?
4
Suppose 2*g - 165 = -3*g. Suppose 4*p = -k + 3, -k - 5*p = -4*k + 26. Suppose g = k*h - 4*h. Calculate the remainder when 31 is divided by h.
9
Let b = -33 + 73. Calculate the remainder when b is divided by 270/25 - 2/(-10).
7
Let v(w) = w**3 - 5*w**2 + 8*w + 3. Let d be 1*-1 - (-14 - -9). Calculate the remainder when 132 is divided by v(d).
18
What is the remainder when 179 is divided by 87/9 - (-85)/(-51)?
3
Let p(a) = 8*a**2 - 7*a - 7. Suppose -3*m + 69 = 5*x, 3*m + 143 = 8*m - x. What is the remainder when m is divided by p(-1)?
4
Calculate the remainder when 15 - (-11556)/30 - (-8)/10 is divided by 103.
92
Suppose 478 = 10*b + 68. Calculate the remainder when b is divided by 9.
5
Let f(x) = -13*x + 43. Calculate the remainder when 113 is divided by f(3).
1
Let f = 792 + -737. What is the remainder when 160 is divided by f?
50
Let q = 285 + -109. What is the remainder when q is divided by 9?
5
Suppose 4*b = -4*w + 120, 3*w - 39 = -5*b + 59. Calculate the remainder when 26 is divided by w.
0
Let m(d) = -9*d + 7. Let k be -12*((-10)/6 + 1). Let f = k - 11. Calculate the remainder when 100 is divided by m(f).
32
Let n = -32 - -24. Let f(u) = 8*u - 12. Let w be f(n). Let a = -47 - w. What is the remainder when a is divided by 16?
13
What is the remainder when 13 - -143 - (-16)/8 is divided by 87?
71
Let w = 21 - 22. Let t be 21 + (-2 - w - 2). Suppose -2*r = 4*u + u - 42, u - 2*r = t. What is the remainder when u is divided by 6?
4
Let o be 22/6 + 4/(-6). Suppose -2*p - 7 = -o*p + l, -5*l = -4*p + 26. Let v = 12 - p. Calculate the remainder when 11 is divided by v.
2
Let g be -2*-1*(-1164)/8. Let k = g - -407. Calculate the remainder when k is divided by 40.
36
Suppose -720 = -5*c - n, -3*c - 5*n - 46 = -478. Calculate the remainder when c is divided by 37.
33
Calculate the remainder when (44 + 1)*(104/24)/13 is divided by (-52)/(-6) + (-1)/(-3).
6
Let a = -41 + 44. Suppose -a*r + 398 - 119 = 0. Calculate the remainder when r is divided by 19.
17
Suppose 0 = -5*k - 2*g - 154, 0 = k + 2*k - 2*g + 102. Let v be (13/(-26))/(1/k). Suppose -9 - v = -5*i. What is the remainder when i is divided by 4?
1
Let d = 8 + -4. What is the remainder when d/(-14) - 572/(-28)*3 is divided by 17?
10
What is the remainder when 26 is divided by 2/(-7) + 4/(-28)*-121?
9
Suppose -2*c + 153 = -73. Let x(i) = i**2 - 18*i - 31. Let y be x(21). Suppose 0 = 5*s - c - y. What is the remainder when s is divided by 15?
14
Let s(h) = -h**3 + 7*h**2 - 6*h - 1. Let p(t) = 3*t**2 - 2*t - 2. Let z be p(2). Let a be s(z). Let l = a - -11. What is the remainder when 17 is divided by l?
7
Suppose 6*m + 45 = 15*m. Suppose 0 = -0*q + m*q - 60. What is the remainder when 40 is divided by q?
4
Suppose -18*o - 4*r + 